{"id":2905,"date":"2022-11-14T13:11:40","date_gmt":"2022-11-14T12:11:40","guid":{"rendered":"http:\/\/aluminiosvallirana.es\/?post_type=product&#038;p=2905"},"modified":"2023-01-17T16:30:10","modified_gmt":"2023-01-17T15:30:10","slug":"ventanas-curvas","status":"publish","type":"product","link":"https:\/\/aluminiosvallirana.es\/fr\/productos\/ventanas-curvas\/","title":{"rendered":"fen\u00eatres courbes"},"content":{"rendered":"<p class=\"descripcion\" style=\"text-align: justify;\">Cuando un perfil se curva, se estira (o sea, pierde espesor) por un lado y sobra (o recoge y acumula) por otro. En definitiva, las variables que determinan los l\u00edmites de la ventana curva son: tipo de perfil, color, radio y arco a realizar. Los l\u00edmites o radios m\u00ednimos siempre deben ser consultados previamente, en funci\u00f3n de lo descrito anteriormente. Aluminios Vallirana, despu\u00e9s de a\u00f1os de investigaci\u00f3n y pruebas, llegamos a curvar di\u00e1metros de 500 mm en ventanas de Rotura Puente T\u00e9rmico. Y la gran Novedad son las ventanas curvas de aluminio y madera (MIXTO) en rotura de puente t\u00e9rmico.  Madera de DM, para poder pintar, lacar o barnizar, por el interior de la vivienda y aluminio por el exterior, en cualquier de nuestros acabados. Esto unido mediante una poliamida intermedia. Fabricamos ventanas curvas de aluminio con las mejores casas del mercado como Aluminios Barcelona, Centro Alum, Cortizo, Indalsu,  Reynares, Itesal, Technal, Sh\u00fcco, Exlabesa, etc\u2026 y con series como: carpinter\u00eda de 40 (Alba 40, Renova 40, Itesal  40, etc), con carpinter\u00eda de 45 (Alfil , 45, Renova  45, etc), carpinter\u00eda de 52 de Itesal, carpinter\u00eda de 45 RPT (Alfil 45 RPT, Renova 45 RPT, etc), carpinter\u00eda de 65 RPT (Alba 65 RPT, Renova 65 RPT, Cortizo 60 RPT, etc), carpinter\u00eda canal 16, con o sin RPT,  series de hoja oculta.<br \/>\nFabricantes de ventanas curvas al mejor precio, de gran calidad y curvas climalit.<\/p>","protected":false},"excerpt":{"rendered":"<div>\n<div>\n<h2>ENCUENTRE AQU\u00cd VENTANAS CURVAS<\/h2>\n<p style=\"text-align: justify;\">Fabricamos ventanas curvas al mejor precio, ventanas curvas de gran calidad, y ventanas curvas climalit. La ventana de aluminio curva es una tipolog\u00eda dentro de las especiales, con un proceso de elaboraci\u00f3n y fabricaci\u00f3n m\u00e1s complejo, dado que hay que curvar los perfiles de aluminio que conforman dicha ventana: marcos, hojas, junquillos, y forros, uno a uno de forma independiente y con di\u00e1metros distintos. Es un proceso lento, muy espec\u00edfico y de gran exactitud. Dentro de la variedad de ventas curvas de aluminio, existen gran variedad entre ellas, dependiendo de la tipolog\u00eda de la curva y del di\u00e1metro de esta. La ventana curva de aluminio es un tipo de ventana que por sus caracter\u00edsticas f\u00edsicas y por el procedimiento del curvado de sus perfiles, nos limita las dimensiones de \u00e9sta: por un lado, est\u00e1 el esfuerzo estructural al que se someten los perfiles de aluminio en el momento de ser curvados, y otro por las herramientas que intervienen para curvarlos. Recordemos que el curvado de un perfil, no deja de ser una deformaci\u00f3n de este. E intervienen muchos factores, como el espesor de los perfiles, la temperatura ambiente, el temple de los perfiles, y la elasticidad de los mismos.\n<\/p>\n<\/div>\n<div>\n<details>\n<summary>FICHES TECHNIQUES<\/summary>\n<div class=\"fila\">\n<div class=\"columna1\">\n                          <a title=\"Fiche technique\" href=\"\/multimedia\/fichas_tecnicas\/ventanas_curvas\/alba40_av.pdf\" target=\"_blank\" rel=\"noopener\"> <img decoding=\"async\" class=\"imgtech1\" src=\"\/wp-content\/uploads\/2022\/11\/alba40_av_page-0001-2.jpg\" alt=\"Ficha t\u00e9cnica ALBA 40\" \/><\/a>\n                      <\/div>\n<div class=\"columna1\">\n                          <a title=\"Fiche technique\" href=\"\/multimedia\/fichas_tecnicas\/ventanas_curvas\/alba65rpt_av.pdf\" target=\"_blank\" rel=\"noopener\"> <img decoding=\"async\" class=\"imgtech1\" src=\"\/wp-content\/uploads\/2022\/11\/alba65rpt_av_page-0001-2.jpg\" alt=\"Ficha t\u00e9cnica ALBA 65 RPT\" \/><\/a>\n                      <\/div>\n<div class=\"columna1\">\n                          <a title=\"Fiche technique\" href=\"\/multimedia\/fichas_tecnicas\/ventanas_curvas\/alba65rptcanal16_av.pdf\" target=\"_blank\" rel=\"noopener\"> <img decoding=\"async\" class=\"imgtech1\" src=\"\/wp-content\/uploads\/2022\/11\/alba65rptcanal16_av_page-0001-2.jpg\" alt=\"Ficha t\u00e9cnica ALBA 65 RPT C16\" \/><\/a>\n                      <\/div>\n<\/p><\/div>\n<div class=\"fila\">\n<div class=\"columna1\">\n                          <a title=\"Fiche technique\" href=\"\/multimedia\/fichas_tecnicas\/ventanas_curvas\/alfila45rpt_av.pdf\" target=\"_blank\" rel=\"noopener\"> <img decoding=\"async\" class=\"imgtech1\" src=\"\/wp-content\/uploads\/2022\/11\/alfila45rpt_av_page-0001-1.jpg\" alt=\"Ficha t\u00e9cnica ALFIL A45 RPT\" \/><\/a>\n                      <\/div>\n<div class=\"columna1\">\n                          <a title=\"Fiche technique\" href=\"\/multimedia\/fichas_tecnicas\/ventanas_curvas\/ap54_av.pdf\" target=\"_blank\" rel=\"noopener\"> <img decoding=\"async\" class=\"imgtech1\" src=\"\/wp-content\/uploads\/2022\/11\/ap54_av_page-0001.jpg\" alt=\"Ficha t\u00e9cnica AP54\" \/><\/a>\n                      <\/div>\n<div class=\"columna1\">\n                          <a title=\"Fiche technique\" href=\"\/multimedia\/fichas_tecnicas\/ventanas_curvas\/cor60rpt_av.pdf\" target=\"_blank\" rel=\"noopener\"> <img decoding=\"async\" class=\"imgtech1\" src=\"\/wp-content\/uploads\/2022\/11\/cor60rpt_av_page-0001.jpg\" alt=\"Ficha t\u00e9cnica COR 60 RPT\" \/><\/a>\n                      <\/div>\n<\/p><\/div>\n<div class=\"fila\">\n<div class=\"columna1\">\n                          <a title=\"Fiche technique\" href=\"\/multimedia\/fichas_tecnicas\/ventanas_curvas\/cor70ho_av.pdf\" target=\"_blank\" rel=\"noopener\"> <img decoding=\"async\" class=\"imgtech1\" src=\"\/wp-content\/uploads\/2022\/11\/cor70ho_av_page-0001.jpg\" alt=\"Ficha t\u00e9cnica COR 70 HOJA OCULTA\" \/><\/a>\n                      <\/div>\n<div class=\"columna1\">\n                          <a title=\"Fiche technique\" href=\"\/multimedia\/fichas_tecnicas\/ventanas_curvas\/cor70industrial_av.pdf\" target=\"_blank\" rel=\"noopener\"> <img decoding=\"async\" class=\"imgtech1\" src=\"\/wp-content\/uploads\/2022\/11\/cor70industrial_av_page-0001.jpg\" alt=\"Ficha t\u00e9cnica COR 70 INDUSTRIAL\" \/><\/a>\n                      <\/div>\n<div class=\"columna1\">\n                          <a title=\"Fiche technique\" href=\"\/fr\/multimedia\/fichas_tecnicas\/ventanas_curvas\/cor3500_av.pdf\/multimedia\/fichas_tecnicas\/ventanas_curvas\/cor3500_av.pdf\/\" target=\"_blank\" rel=\"noopener\"> <img decoding=\"async\" class=\"imgtech1\" src=\"\/wp-content\/uploads\/2022\/11\/cor3500_av_page-0001.jpg\" alt=\"Ficha t\u00e9cnica COR 3500\" \/><\/a>\n                      <\/div>\n<\/p><\/div>\n<div class=\"fila\">\n<div class=\"columna1\">\n                          <a title=\"Fiche technique\" href=\"\/multimedia\/fichas_tecnicas\/ventanas_curvas\/ho70rpt_av.pdf\" target=\"_blank\" rel=\"noopener\"> <img decoding=\"async\" class=\"imgtech1\" src=\"\/wp-content\/uploads\/2022\/11\/ho70rpt_av_page-0001-2.jpg\" alt=\"Ficha t\u00e9cnica HOJA OCULTA HO70 RPT\" \/><\/a>\n                      <\/div>\n<div class=\"columna1\">\n                          <a title=\"Fiche technique\" href=\"\/multimedia\/fichas_tecnicas\/ventanas_curvas\/ho70rptcanal16_av.pdf\" target=\"_blank\" rel=\"noopener\"> <img decoding=\"async\" class=\"imgtech1\" src=\"\/wp-content\/uploads\/2022\/11\/ho70rptcanal16_av_page-0001-2.jpg\" alt=\"Ficha t\u00e9cnica HOJA OCULTA HO70 RPT C16\" \/><\/a>\n                      <\/div>\n<div class=\"columna1\">\n                          <a title=\"Fiche technique\" href=\"\/multimedia\/fichas_tecnicas\/ventanas_curvas\/renova40canal16_av.pdf\" target=\"_blank\" rel=\"noopener\"> <img decoding=\"async\" class=\"imgtech1\" src=\"\/wp-content\/uploads\/2022\/11\/renova40canal16_av_page-0001.jpg\" alt=\"Ficha t\u00e9cnica RENOVA 40 C16\" \/><\/a>\n                      <\/div>\n<\/p><\/div>\n<div class=\"fila\">\n<div class=\"columna1\">\n                          <a title=\"Fiche technique\" href=\"\/multimedia\/fichas_tecnicas\/ventanas_curvas\/renova55rptcanal16_av.pdf\" target=\"_blank\" rel=\"noopener\"> <img decoding=\"async\" class=\"imgtech1\" src=\"\/wp-content\/uploads\/2022\/11\/renova55rptcanal16_av_page-0001.jpg\" alt=\"Ficha t\u00e9cnica RENOVA 55 RPT C16\" \/><\/a>\n                      <\/div>\n<div class=\"columna1\">\n                          <a title=\"Fiche technique\" href=\"\/multimedia\/fichas_tecnicas\/ventanas_curvas\/renova70horpt_av.pdf\" target=\"_blank\" rel=\"noopener\"> <img decoding=\"async\" class=\"imgtech1\" src=\"\/wp-content\/uploads\/2022\/11\/renova70horpt_av_page-0001.jpg\" alt=\"Ficha t\u00e9cnica RENOVA 70 HOJA OCULTA RPT\" \/><\/a>\n                      <\/div>\n<div class=\"columna1\">\n                          <a title=\"Fiche technique\" href=\"\/multimedia\/fichas_tecnicas\/ventanas_curvas\/renova70horpt_canal16_av.pdf\" target=\"_blank\" rel=\"noopener\"> <img decoding=\"async\" class=\"imgtech1\" src=\"\/wp-content\/uploads\/2022\/11\/renova70horpt_canal16_av_page-0001.jpg\" alt=\"Ficha t\u00e9cnica RENOVA 70 HOJA OCULTA RPT C16\" \/><\/a>\n                      <\/div>\n<\/p><\/div>\n<div class=\"fila\">\n<div class=\"columna1\">\n                          <a title=\"Fiche technique\" href=\"\/multimedia\/fichas_tecnicas\/ventanas_curvas\/solealfy65oculta_av.pdf\" target=\"_blank\" rel=\"noopener\"> <img decoding=\"async\" class=\"imgtech1\" src=\"\/wp-content\/uploads\/2022\/11\/solealfy65oculta_av_page-0001.jpg\" alt=\"Ficha t\u00e9cnica SOLEAL 65 EVOLUCI\u00d3N OCULTA\" \/><\/a>\n                      <\/div>\n<div class=\"columna1\">\n                          <a title=\"Fiche technique\" href=\"\/multimedia\/fichas_tecnicas\/ventanas_curvas\/solealfy65vista_av.pdf\" target=\"_blank\" rel=\"noopener\"> <img decoding=\"async\" class=\"imgtech1\" src=\"\/wp-content\/uploads\/2022\/11\/solealfy65vista_av_page-0001.jpg\" alt=\"Ficha t\u00e9cnica SOLEAL 65 EVOLUCI\u00d3N VISTA\" \/><\/a>\n                      <\/div>\n<div class=\"columna1\">\n                          <a title=\"Fiche technique\" href=\"\/multimedia\/fichas_tecnicas\/ventanas_curvas\/solealfy75oculta_av.pdf\" target=\"_blank\" rel=\"noopener\"> <img decoding=\"async\" class=\"imgtech1\" src=\"\/wp-content\/uploads\/2022\/11\/solealfy75oculta_av_page-0001.jpg\" alt=\"Ficha t\u00e9cnica SOLEAL FY 75 EVOLUCI\u00d3N OCULTA\" \/><\/a>\n                      <\/div>\n<\/p><\/div>\n<div class=\"fila\">\n<div class=\"columna1\">\n                          <a title=\"Fiche technique\" href=\"\/multimedia\/fichas_tecnicas\/ventanas_curvas\/solealfy75vista_av.pdf\" target=\"_blank\" rel=\"noopener\"> <img decoding=\"async\" class=\"imgtech1\" src=\"\/wp-content\/uploads\/2022\/11\/solealfy75vista_av_page-0001.jpg\" alt=\"Ficha t\u00e9cnica SOLEAL FY 75 EVOLUCI\u00d3N VISTA\" \/><\/a>\n                      <\/div>\n<div class=\"columna1\">\n                          <a title=\"Fiche technique\" href=\"\/multimedia\/fichas_tecnicas\/aluminio_madera_mixto\/AP54.pdf\" target=\"_blank\" rel=\"noopener\"> <img decoding=\"async\" class=\"imgtech1\" src=\"\/wp-content\/uploads\/2023\/01\/FICHA-TECNICA-AP54-ALUMINIOS-VALLIRANA_page-0001.jpg\" alt=\"Ficha t\u00e9cnica AP 54\" \/><\/a>\n                      <\/div>\n<\/p><\/div>\n<\/details>\n<\/div>","protected":false},"featured_media":5096,"comment_status":"open","ping_status":"closed","template":"","meta":{"_acf_changed":false,"om_disable_all_campaigns":false},"product_brand":[],"product_cat":[100],"product_tag":[111,112],"class_list":{"0":"post-2905","1":"product","2":"type-product","3":"status-publish","4":"has-post-thumbnail","6":"product_cat-aluminio-curvado-barato","7":"product_tag-ventana-curva","8":"product_tag-ventanas-curvas","10":"first","11":"instock","12":"shipping-taxable","13":"product-type-simple"},"acf":[],"aioseo_notices":[],"_links":{"self":[{"href":"https:\/\/aluminiosvallirana.es\/fr\/wp-json\/wp\/v2\/product\/2905","targetHints":{"allow":["GET"]}}],"collection":[{"href":"https:\/\/aluminiosvallirana.es\/fr\/wp-json\/wp\/v2\/product"}],"about":[{"href":"https:\/\/aluminiosvallirana.es\/fr\/wp-json\/wp\/v2\/types\/product"}],"replies":[{"embeddable":true,"href":"https:\/\/aluminiosvallirana.es\/fr\/wp-json\/wp\/v2\/comments?post=2905"}],"wp:featuredmedia":[{"embeddable":true,"href":"https:\/\/aluminiosvallirana.es\/fr\/wp-json\/wp\/v2\/media\/5096"}],"wp:attachment":[{"href":"https:\/\/aluminiosvallirana.es\/fr\/wp-json\/wp\/v2\/media?parent=2905"}],"wp:term":[{"taxonomy":"product_brand","embeddable":true,"href":"https:\/\/aluminiosvallirana.es\/fr\/wp-json\/wp\/v2\/product_brand?post=2905"},{"taxonomy":"product_cat","embeddable":true,"href":"https:\/\/aluminiosvallirana.es\/fr\/wp-json\/wp\/v2\/product_cat?post=2905"},{"taxonomy":"product_tag","embeddable":true,"href":"https:\/\/aluminiosvallirana.es\/fr\/wp-json\/wp\/v2\/product_tag?post=2905"}],"curies":[{"name":"wp","href":"https:\/\/api.w.org\/{rel}","templated":true}]}}

fenêtres courbes

<p class="descripcion" style="text-align: justify;">Cuando un perfil se curva, se estira (o sea, pierde espesor) por un lado y sobra (o recoge y acumula) por otro. En definitiva, las variables que determinan los límites de la ventana curva son: tipo de perfil, color, radio y arco a realizar. Los límites o radios mínimos siempre deben ser consultados previamente, en función de lo descrito anteriormente. Aluminios Vallirana, después de años de investigación y pruebas, llegamos a curvar diámetros de 500 mm en ventanas de Rotura Puente Térmico. Y la gran Novedad son las ventanas curvas de aluminio y madera (MIXTO) en rotura de puente térmico.  Madera de DM, para poder pintar, lacar o barnizar, por el interior de la vivienda y aluminio por el exterior, en cualquier de nuestros acabados. Esto unido mediante una poliamida intermedia. Fabricamos ventanas curvas de aluminio con las mejores casas del mercado como Aluminios Barcelona, Centro Alum, Cortizo, Indalsu,  Reynares, Itesal, Technal, Shüco, Exlabesa, etc… y con series como: carpintería de 40 (Alba 40, Renova 40, Itesal  40, etc), con carpintería de 45 (Alfil , 45, Renova  45, etc), carpintería de 52 de Itesal, carpintería de 45 RPT (Alfil 45 RPT, Renova 45 RPT, etc), carpintería de 65 RPT (Alba 65 RPT, Renova 65 RPT, Cortizo 60 RPT, etc), carpintería canal 16, con o sin RPT,  series de hoja oculta.<br />
Fabricantes de ventanas curvas al mejor precio, de gran calidad y curvas climalit.</p>

<div>
<div>
<h2>ENCUENTRE AQUÍ VENTANAS CURVAS</h2>
<p style="text-align: justify;">Fabricamos ventanas curvas al mejor precio, ventanas curvas de gran calidad, y ventanas curvas climalit. La ventana de aluminio curva es una tipología dentro de las especiales, con un proceso de elaboración y fabricación más complejo, dado que hay que curvar los perfiles de aluminio que conforman dicha ventana: marcos, hojas, junquillos, y forros, uno a uno de forma independiente y con diámetros distintos. Es un proceso lento, muy específico y de gran exactitud. Dentro de la variedad de ventas curvas de aluminio, existen gran variedad entre ellas, dependiendo de la tipología de la curva y del diámetro de esta. La ventana curva de aluminio es un tipo de ventana que por sus características físicas y por el procedimiento del curvado de sus perfiles, nos limita las dimensiones de ésta: por un lado, está el esfuerzo estructural al que se someten los perfiles de aluminio en el momento de ser curvados, y otro por las herramientas que intervienen para curvarlos. Recordemos que el curvado de un perfil, no deja de ser una deformación de este. E intervienen muchos factores, como el espesor de los perfiles, la temperatura ambiente, el temple de los perfiles, y la elasticidad de los mismos.
</p>
</div>
<div>
<details>
<summary>FICHES TECHNIQUES</summary>
<div class="fila">
<div class="columna1">
                          <a title="Fiche technique" href="/multimedia/fichas_tecnicas/ventanas_curvas/alba40_av.pdf" target="_blank" rel="noopener"> <img decoding="async" class="imgtech1" src="/wp-content/uploads/2022/11/alba40_av_page-0001-2.jpg" alt="Ficha técnica ALBA 40" /></a>
                      </div>
<div class="columna1">
                          <a title="Fiche technique" href="/multimedia/fichas_tecnicas/ventanas_curvas/alba65rpt_av.pdf" target="_blank" rel="noopener"> <img decoding="async" class="imgtech1" src="/wp-content/uploads/2022/11/alba65rpt_av_page-0001-2.jpg" alt="Ficha técnica ALBA 65 RPT" /></a>
                      </div>
<div class="columna1">
                          <a title="Fiche technique" href="/multimedia/fichas_tecnicas/ventanas_curvas/alba65rptcanal16_av.pdf" target="_blank" rel="noopener"> <img decoding="async" class="imgtech1" src="/wp-content/uploads/2022/11/alba65rptcanal16_av_page-0001-2.jpg" alt="Ficha técnica ALBA 65 RPT C16" /></a>
                      </div>
</p></div>
<div class="fila">
<div class="columna1">
                          <a title="Fiche technique" href="/multimedia/fichas_tecnicas/ventanas_curvas/alfila45rpt_av.pdf" target="_blank" rel="noopener"> <img decoding="async" class="imgtech1" src="/wp-content/uploads/2022/11/alfila45rpt_av_page-0001-1.jpg" alt="Ficha técnica ALFIL A45 RPT" /></a>
                      </div>
<div class="columna1">
                          <a title="Fiche technique" href="/multimedia/fichas_tecnicas/ventanas_curvas/ap54_av.pdf" target="_blank" rel="noopener"> <img decoding="async" class="imgtech1" src="/wp-content/uploads/2022/11/ap54_av_page-0001.jpg" alt="Ficha técnica AP54" /></a>
                      </div>
<div class="columna1">
                          <a title="Fiche technique" href="/multimedia/fichas_tecnicas/ventanas_curvas/cor60rpt_av.pdf" target="_blank" rel="noopener"> <img decoding="async" class="imgtech1" src="/wp-content/uploads/2022/11/cor60rpt_av_page-0001.jpg" alt="Ficha técnica COR 60 RPT" /></a>
                      </div>
</p></div>
<div class="fila">
<div class="columna1">
                          <a title="Fiche technique" href="/multimedia/fichas_tecnicas/ventanas_curvas/cor70ho_av.pdf" target="_blank" rel="noopener"> <img decoding="async" class="imgtech1" src="/wp-content/uploads/2022/11/cor70ho_av_page-0001.jpg" alt="Ficha técnica COR 70 HOJA OCULTA" /></a>
                      </div>
<div class="columna1">
                          <a title="Fiche technique" href="/multimedia/fichas_tecnicas/ventanas_curvas/cor70industrial_av.pdf" target="_blank" rel="noopener"> <img decoding="async" class="imgtech1" src="/wp-content/uploads/2022/11/cor70industrial_av_page-0001.jpg" alt="Ficha técnica COR 70 INDUSTRIAL" /></a>
                      </div>
<div class="columna1">
                          <a title="Fiche technique" href="/fr/multimedia/fichas_tecnicas/ventanas_curvas/cor3500_av.pdf/multimedia/fichas_tecnicas/ventanas_curvas/cor3500_av.pdf/" target="_blank" rel="noopener"> <img decoding="async" class="imgtech1" src="/wp-content/uploads/2022/11/cor3500_av_page-0001.jpg" alt="Ficha técnica COR 3500" /></a>
                      </div>
</p></div>
<div class="fila">
<div class="columna1">
                          <a title="Fiche technique" href="/multimedia/fichas_tecnicas/ventanas_curvas/ho70rpt_av.pdf" target="_blank" rel="noopener"> <img decoding="async" class="imgtech1" src="/wp-content/uploads/2022/11/ho70rpt_av_page-0001-2.jpg" alt="Ficha técnica HOJA OCULTA HO70 RPT" /></a>
                      </div>
<div class="columna1">
                          <a title="Fiche technique" href="/multimedia/fichas_tecnicas/ventanas_curvas/ho70rptcanal16_av.pdf" target="_blank" rel="noopener"> <img decoding="async" class="imgtech1" src="/wp-content/uploads/2022/11/ho70rptcanal16_av_page-0001-2.jpg" alt="Ficha técnica HOJA OCULTA HO70 RPT C16" /></a>
                      </div>
<div class="columna1">
                          <a title="Fiche technique" href="/multimedia/fichas_tecnicas/ventanas_curvas/renova40canal16_av.pdf" target="_blank" rel="noopener"> <img decoding="async" class="imgtech1" src="/wp-content/uploads/2022/11/renova40canal16_av_page-0001.jpg" alt="Ficha técnica RENOVA 40 C16" /></a>
                      </div>
</p></div>
<div class="fila">
<div class="columna1">
                          <a title="Fiche technique" href="/multimedia/fichas_tecnicas/ventanas_curvas/renova55rptcanal16_av.pdf" target="_blank" rel="noopener"> <img decoding="async" class="imgtech1" src="/wp-content/uploads/2022/11/renova55rptcanal16_av_page-0001.jpg" alt="Ficha técnica RENOVA 55 RPT C16" /></a>
                      </div>
<div class="columna1">
                          <a title="Fiche technique" href="/multimedia/fichas_tecnicas/ventanas_curvas/renova70horpt_av.pdf" target="_blank" rel="noopener"> <img decoding="async" class="imgtech1" src="/wp-content/uploads/2022/11/renova70horpt_av_page-0001.jpg" alt="Ficha técnica RENOVA 70 HOJA OCULTA RPT" /></a>
                      </div>
<div class="columna1">
                          <a title="Fiche technique" href="/multimedia/fichas_tecnicas/ventanas_curvas/renova70horpt_canal16_av.pdf" target="_blank" rel="noopener"> <img decoding="async" class="imgtech1" src="/wp-content/uploads/2022/11/renova70horpt_canal16_av_page-0001.jpg" alt="Ficha técnica RENOVA 70 HOJA OCULTA RPT C16" /></a>
                      </div>
</p></div>
<div class="fila">
<div class="columna1">
                          <a title="Fiche technique" href="/multimedia/fichas_tecnicas/ventanas_curvas/solealfy65oculta_av.pdf" target="_blank" rel="noopener"> <img decoding="async" class="imgtech1" src="/wp-content/uploads/2022/11/solealfy65oculta_av_page-0001.jpg" alt="Ficha técnica SOLEAL 65 EVOLUCIÓN OCULTA" /></a>
                      </div>
<div class="columna1">
                          <a title="Fiche technique" href="/multimedia/fichas_tecnicas/ventanas_curvas/solealfy65vista_av.pdf" target="_blank" rel="noopener"> <img decoding="async" class="imgtech1" src="/wp-content/uploads/2022/11/solealfy65vista_av_page-0001.jpg" alt="Ficha técnica SOLEAL 65 EVOLUCIÓN VISTA" /></a>
                      </div>
<div class="columna1">
                          <a title="Fiche technique" href="/multimedia/fichas_tecnicas/ventanas_curvas/solealfy75oculta_av.pdf" target="_blank" rel="noopener"> <img decoding="async" class="imgtech1" src="/wp-content/uploads/2022/11/solealfy75oculta_av_page-0001.jpg" alt="Ficha técnica SOLEAL FY 75 EVOLUCIÓN OCULTA" /></a>
                      </div>
</p></div>
<div class="fila">
<div class="columna1">
                          <a title="Fiche technique" href="/multimedia/fichas_tecnicas/ventanas_curvas/solealfy75vista_av.pdf" target="_blank" rel="noopener"> <img decoding="async" class="imgtech1" src="/wp-content/uploads/2022/11/solealfy75vista_av_page-0001.jpg" alt="Ficha técnica SOLEAL FY 75 EVOLUCIÓN VISTA" /></a>
                      </div>
<div class="columna1">
                          <a title="Fiche technique" href="/multimedia/fichas_tecnicas/aluminio_madera_mixto/AP54.pdf" target="_blank" rel="noopener"> <img decoding="async" class="imgtech1" src="/wp-content/uploads/2023/01/FICHA-TECNICA-AP54-ALUMINIOS-VALLIRANA_page-0001.jpg" alt="Ficha técnica AP 54" /></a>
                      </div>
</p></div>
</details>
</div>
