{"id":2910,"date":"2022-11-14T13:11:40","date_gmt":"2022-11-14T12:11:40","guid":{"rendered":"http:\/\/aluminiosvallirana.es\/?post_type=product&#038;p=2910"},"modified":"2023-01-17T17:13:13","modified_gmt":"2023-01-17T16:13:13","slug":"mallorquinas-curvas","status":"publish","type":"product","link":"https:\/\/aluminiosvallirana.es\/fr\/productos\/mallorquinas-curvas\/","title":{"rendered":"volets courbes"},"content":{"rendered":"<p class=\"descripcion\" style=\"text-align: justify;\">Fabricamos mallorquinas con formas curvas de lama fija y mallorquinas con formas curvas de lama m\u00f3vil. As\u00ed mismo, fabricamos mallorquinas curvas de seguridad, tanto en lama fija, como en lama m\u00f3vil u orientable. Siempre fabricadas mediante varilla acero inox y portalamas reforzados. Con la opci\u00f3n de mallorquinas con forma curva, con cerradura de seguridad. Las mallorquinas con forma curva pueden ser con marco o con bisagras rusticas directas a pared a modo de portic\u00f3n exterior. Los modelos que fabricamos y distribuimos son: mallorquinas con formas curvas\u00a0 de lama fija de 50&#215;10 u ovalina, mallorquinas con formas curvas\u00a0 de lama fija 35&#215;8, mallorquinas con formas curvas\u00a0 de lama fija Z-60, mallorquinas con formas curvas\u00a0 de lama Z-90, mallorquinas con formas curvas\u00a0 de Y-90, mallorquinas con formas curvas\u00a0 de lama ovalada 120. Tambi\u00e9n disponemos de mallorquinas con formas curvas con lama machihembrada ciega de 120, tanto en vertical, como en horizontal. Los\u00a0 tipos de mallorquinas con lama orientable, son: mallorquinas curvas de lama m\u00f3vil de 70 o naco, mallorquinas curvas de lama m\u00f3vil ovalada 120, mallorquinas curvas de lama m\u00f3vil 140, mallorquinas curvas de lama m\u00f3vil 140 PVC. La orientaci\u00f3n de las lamas puede ser gracias a nuestros mecanismos homologados, mediante 7 tipos de mandos. Es posible lacar los mecanismos en RAL est\u00e1ndar o RAL especial. Consultar opciones.<\/p>","protected":false},"excerpt":{"rendered":"<div>\n<div>\n<h2>ENCUENTRE AQU\u00cd MALLORQUINAS CURVAS<\/h2>\n<p style=\"text-align: justify;\"> Fabricantes directos de mallorquinas curvas al mejor precio, mallorquinas curvas de calidad, mallorquinas curvas en Barcelona. Distribuimos nuestras mallorquinas curvas por toda  Espa\u00f1a y mallorquinas curvas para todo el Mundo. De igual modo ofrecemos la instalaci\u00f3n de las mallorquinas curvas o mediante nuestros instaladores. Debido a la gran experiencia en el sector del curvado del aluminio, hemos conseguido posicionarnos como l\u00edderes en la fabricaci\u00f3n de mallorquinas con formas curvas o curvadas.  Siendo muy solicitadas, en el \u00e1mbito de mallorquinas curvas para rehabilitaci\u00f3n de edificios, mallorquinas curvas para edificios arquitect\u00f3nicos, mallorquinas curvas para edificios hist\u00f3ricos y de protecci\u00f3n arquitect\u00f3nica. Somos fabricantes directos de Mallorquinas curvas al mejor precio.<br \/>\nFabricamos todos los modelos posibles en mallorquinas curvadas de aluminio: mallorquinas curvas fijas, mallorquinas circulares fijas,  mallorquinas circulares abatibles, mallorquinas circulares practicables, mallorquinas curvas de 1 hoja practicable, mallorquinas curvas de 2 hojas practicables, mallorquinas curvas de 3 hojas practicables, mallorquinas curvas de 4 hojas practicables, mallorquinas curvas de 2 hojas librillo, mallorquinas curvas de 3 hojas librillo, mallorquinas curvas de 4 hojas librillo, mallorquinas curvas con multiradios. Todas las combinaciones posibles.<\/p>\n<\/p><\/div>\n<div>\n<details>\n<summary>FICHES TECHNIQUES<\/summary>\n<div class=\"fila\">\n<div class=\"columna1\">\n                          <a title=\"Fiche technique\" href=\"\/multimedia\/fichas_tecnicas\/mallorquinas\/ae0932_av.pdf\" target=\"_blank\" rel=\"noopener\"> <img decoding=\"async\" class=\"imgtech1\" src=\"\/wp-content\/uploads\/2022\/11\/ae0932_av_pages-to-jpg-0001.jpg\" alt=\"Ficha t\u00e9cnica AE 0932\" \/><\/a>\n                      <\/div>\n<div class=\"columna1\">\n                          <a title=\"Fiche technique\" href=\"\/multimedia\/fichas_tecnicas\/mallorquinas\/ae0933_av.pdf\" target=\"_blank\" rel=\"noopener\"> <img decoding=\"async\" class=\"imgtech1\" src=\"\/wp-content\/uploads\/2022\/11\/ae0933_av_pages-to-jpg-0001-1.jpg\" alt=\"Ficha t\u00e9cnica AE 0933\" \/><\/a>\n                      <\/div>\n<\/p><\/div>\n<\/details>\n<\/div>\n<\/div>","protected":false},"featured_media":4403,"comment_status":"open","ping_status":"closed","template":"","meta":{"_acf_changed":false,"om_disable_all_campaigns":false},"product_brand":[],"product_cat":[101],"product_tag":[121,122],"class_list":{"0":"post-2910","1":"product","2":"type-product","3":"status-publish","4":"has-post-thumbnail","6":"product_cat-venta-de-mallorquinas-baratas","7":"product_tag-mallorquina-curva","8":"product_tag-mallorquinas-curvas","10":"first","11":"instock","12":"shipping-taxable","13":"product-type-simple"},"acf":[],"aioseo_notices":[],"_links":{"self":[{"href":"https:\/\/aluminiosvallirana.es\/fr\/wp-json\/wp\/v2\/product\/2910","targetHints":{"allow":["GET"]}}],"collection":[{"href":"https:\/\/aluminiosvallirana.es\/fr\/wp-json\/wp\/v2\/product"}],"about":[{"href":"https:\/\/aluminiosvallirana.es\/fr\/wp-json\/wp\/v2\/types\/product"}],"replies":[{"embeddable":true,"href":"https:\/\/aluminiosvallirana.es\/fr\/wp-json\/wp\/v2\/comments?post=2910"}],"wp:featuredmedia":[{"embeddable":true,"href":"https:\/\/aluminiosvallirana.es\/fr\/wp-json\/wp\/v2\/media\/4403"}],"wp:attachment":[{"href":"https:\/\/aluminiosvallirana.es\/fr\/wp-json\/wp\/v2\/media?parent=2910"}],"wp:term":[{"taxonomy":"product_brand","embeddable":true,"href":"https:\/\/aluminiosvallirana.es\/fr\/wp-json\/wp\/v2\/product_brand?post=2910"},{"taxonomy":"product_cat","embeddable":true,"href":"https:\/\/aluminiosvallirana.es\/fr\/wp-json\/wp\/v2\/product_cat?post=2910"},{"taxonomy":"product_tag","embeddable":true,"href":"https:\/\/aluminiosvallirana.es\/fr\/wp-json\/wp\/v2\/product_tag?post=2910"}],"curies":[{"name":"wp","href":"https:\/\/api.w.org\/{rel}","templated":true}]}}

<p class="descripcion" style="text-align: justify;">Fabricamos mallorquinas con formas curvas de lama fija y mallorquinas con formas curvas de lama móvil. Así mismo, fabricamos mallorquinas curvas de seguridad, tanto en lama fija, como en lama móvil u orientable. Siempre fabricadas mediante varilla acero inox y portalamas reforzados. Con la opción de mallorquinas con forma curva, con cerradura de seguridad. Las mallorquinas con forma curva pueden ser con marco o con bisagras rusticas directas a pared a modo de porticón exterior. Los modelos que fabricamos y distribuimos son: mallorquinas con formas curvas  de lama fija de 50&#215;10 u ovalina, mallorquinas con formas curvas  de lama fija 35&#215;8, mallorquinas con formas curvas  de lama fija Z-60, mallorquinas con formas curvas  de lama Z-90, mallorquinas con formas curvas  de Y-90, mallorquinas con formas curvas  de lama ovalada 120. También disponemos de mallorquinas con formas curvas con lama machihembrada ciega de 120, tanto en vertical, como en horizontal. Los  tipos de mallorquinas con lama orientable, son: mallorquinas curvas de lama móvil de 70 o naco, mallorquinas curvas de lama móvil ovalada 120, mallorquinas curvas de lama móvil 140, mallorquinas curvas de lama móvil 140 PVC. La orientación de las lamas puede ser gracias a nuestros mecanismos homologados, mediante 7 tipos de mandos. Es posible lacar los mecanismos en RAL estándar o RAL especial. Consultar opciones.</p>

<div>
<div>
<h2>ENCUENTRE AQUÍ MALLORQUINAS CURVAS</h2>
<p style="text-align: justify;"> Fabricantes directos de mallorquinas curvas al mejor precio, mallorquinas curvas de calidad, mallorquinas curvas en Barcelona. Distribuimos nuestras mallorquinas curvas por toda  España y mallorquinas curvas para todo el Mundo. De igual modo ofrecemos la instalación de las mallorquinas curvas o mediante nuestros instaladores. Debido a la gran experiencia en el sector del curvado del aluminio, hemos conseguido posicionarnos como líderes en la fabricación de mallorquinas con formas curvas o curvadas.  Siendo muy solicitadas, en el ámbito de mallorquinas curvas para rehabilitación de edificios, mallorquinas curvas para edificios arquitectónicos, mallorquinas curvas para edificios históricos y de protección arquitectónica. Somos fabricantes directos de Mallorquinas curvas al mejor precio.<br />
Fabricamos todos los modelos posibles en mallorquinas curvadas de aluminio: mallorquinas curvas fijas, mallorquinas circulares fijas,  mallorquinas circulares abatibles, mallorquinas circulares practicables, mallorquinas curvas de 1 hoja practicable, mallorquinas curvas de 2 hojas practicables, mallorquinas curvas de 3 hojas practicables, mallorquinas curvas de 4 hojas practicables, mallorquinas curvas de 2 hojas librillo, mallorquinas curvas de 3 hojas librillo, mallorquinas curvas de 4 hojas librillo, mallorquinas curvas con multiradios. Todas las combinaciones posibles.</p>
</p></div>
<div>
<details>
<summary>FICHES TECHNIQUES</summary>
<div class="fila">
<div class="columna1">
                          <a title="Fiche technique" href="/multimedia/fichas_tecnicas/mallorquinas/ae0932_av.pdf" target="_blank" rel="noopener"> <img decoding="async" class="imgtech1" src="/wp-content/uploads/2022/11/ae0932_av_pages-to-jpg-0001.jpg" alt="Ficha técnica AE 0932" /></a>
                      </div>
<div class="columna1">
                          <a title="Fiche technique" href="/multimedia/fichas_tecnicas/mallorquinas/ae0933_av.pdf" target="_blank" rel="noopener"> <img decoding="async" class="imgtech1" src="/wp-content/uploads/2022/11/ae0933_av_pages-to-jpg-0001-1.jpg" alt="Ficha técnica AE 0933" /></a>
                      </div>
</p></div>
</details>
</div>
</div>
