{"id":2917,"date":"2022-11-14T13:11:41","date_gmt":"2022-11-14T12:11:41","guid":{"rendered":"http:\/\/aluminiosvallirana.es\/?post_type=product&#038;p=2917"},"modified":"2023-01-18T16:54:07","modified_gmt":"2023-01-18T15:54:07","slug":"ventanas-de-aluminio-practicables","status":"publish","type":"product","link":"https:\/\/aluminiosvallirana.es\/fr\/productos\/ventanas-de-aluminio-practicables\/","title":{"rendered":"Ventanas y puertas practicables"},"content":{"rendered":"<p class=\"descripcion\" style=\"text-align: justify;\">\n<li>PRACTICABLE ALFIL A45 RPT: Marco de 45 mm y hoja de 52 mm, sistema de cierre por junta central de estanqueidad en EPDM, capacidad de acristalamiento 42 mm, c\u00e1mara europea est\u00e1ndar para el alojamiento de herrajes, combinable con las series Alba 70 RPTy Alba 80 RPT, amplia gama de perfiles que permiten solucionar la m\u00e1s completa gama de cerramientos.<\/li>\n<li>PRACTICABLE ALFIL A65 RPT: Marco de 65 mm y hoja de 72 mm, sistema de cierre por junta central de estanqueidad en EPDM, capacidad de acristalamiento 50 mm, c\u00e1mara europea est\u00e1ndar para el alojamiento de herrajes, combinable con las series Alba 70 RPTy Alba 80 RPT, amplia gama de perfiles que permiten solucionar la m\u00e1s completa gama de cerramientos.<\/li>\n<li>PRACTICABLE PUERTA A54 P: Ancho de marco y hoja 54 mm, c\u00e1mara interna central para alojamiento de bisagras ambidextras de amarre oculto con posibilidad de uso de bisagras externas, capacidad de acristalamiento 44 mm, sistema coplanar por ambas caras, amplia gama de perfiles que permiten solucionar los diversos tipos de aperturas de puerta, opci\u00f3n de bisagras de 2 y 3 palas.<\/li>","protected":false},"excerpt":{"rendered":"<div>\n<div>\n<h2>ENCUENTRE AQU\u00cd VENTANAS DE ALUMINIO PRACTICABLES<\/h2>\n<p style=\"text-align: justify;\">Somos fabricantes de ventanas de aluminio practicables, fabricamos ventanas de aluminio practicables al mejor precio y de calidad. Disponemos de instaladores de ventanas de aluminio practicables para Barcelona y cercan\u00edas, as\u00ed como, les proporcionamos la distribuci\u00f3n de ventanas de aluminio practicables.<br \/>\nAluminios Vallirana, les ofrece dichas ventanas practicables de aluminio para la rehabilitaci\u00f3n o restauraci\u00f3n de edificios, casas y aparamentos.<br \/>\nFabricamos todas las grandes series del mercado, pero las que m\u00e1s nos piden nuestros clientes, son las de Aluminios Barcelona, Cortizo, Technal y Centro Alum.<\/p>\n<li>PRACTICABLE ALBA ABISAGRADA: Marco de 40 mm y hoja de 47 mm, sistema de cierre por junta central de estanqueidad en EPDM, capacidad de acristalamiento 37 mm, c\u00e1mara europea est\u00e1ndar para el alojamiento de herrajes, combinable con las series Alba 60, Alba 70y Alba 80, amplia gama de perfiles que permiten solucionar la m\u00e1s completa gama de cerramientos.<\/li>\n<li>PRACTICABLE ALFIL A45: Marco de 45 mm y hoja de 52 mm, sistema de cierre por junta central de estanqueidad en EPDM, capacidad de acristalamiento 42 mm, c\u00e1mara europea est\u00e1ndar para el alojamiento de herrajes, combinable con las series Alba 70y Alba 80, amplia gama de perfiles que permiten solucionar la m\u00e1s completa gama de cerramientos.<\/li>\n<\/div>\n<div>\n<details>\n<summary>FICHES TECHNIQUES<\/summary>\n<div class=\"fila\">\n<div class=\"columna1\"><a title=\"Fiche technique\" href=\"\/multimedia\/fichas_tecnicas\/ventanas\/alfila45rpt_av.pdf\" target=\"_blank\" rel=\"noopener\"> <img decoding=\"async\" class=\"imgtech1\" src=\"\/multimedia\/fichas_tecnicas\/portada\/alfila45rpt_av_page-0001.jpg\" alt=\"Ficha t\u00e9cnica ALFILA 45 RPT \" \/><\/a><\/div>\n<div class=\"columna1\"><a title=\"Fiche technique\" href=\"\/multimedia\/fichas_tecnicas\/ventanas\/practicables\/cor70industrial_av.pdf\" target=\"_blank\" rel=\"noopener\"> <img decoding=\"async\" class=\"imgtech1\" src=\"\/multimedia\/fichas_tecnicas\/portada\/cor70industrial_av_page-0001.jpg\" alt=\"Ficha t\u00e9cnica COR 70 INDUSTRIAL \" \/><\/a><\/div>\n<div class=\"columna1\"><a title=\"Fiche technique\" href=\"\/multimedia\/fichas_tecnicas\/ventanas\/practicables\/ho70rpt_av.pdf\" target=\"_blank\" rel=\"noopener\"> <img decoding=\"async\" class=\"imgtech1\" src=\"\/multimedia\/fichas_tecnicas\/portada\/ho70rpt_av_page-0001.jpg\" alt=\"Ficha t\u00e9cnica Renova HO 70 RPT \" \/><\/a><\/div>\n<\/div>\n<div class=\"fila\">\n<div class=\"columna1\"><a title=\"Fiche technique\" href=\"\/multimedia\/fichas_tecnicas\/ventanas\/practicables\/ho70rptcanal16_av.pdf\" target=\"_blank\" rel=\"noopener\"> <img decoding=\"async\" class=\"imgtech1\" src=\"\/multimedia\/fichas_tecnicas\/portada\/ho70rptcanal16_av_page-0001.jpg\" alt=\"Ficha t\u00e9cnica HO 70 RPT CANAL 16 \" \/><\/a><\/div>\n<div class=\"columna1\"><a title=\"Fiche technique\" href=\"\/multimedia\/fichas_tecnicas\/ventanas\/practicables\/renova40canal16_av.pdf\" target=\"_blank\" rel=\"noopener\"> <img decoding=\"async\" class=\"imgtech1\" src=\"\/multimedia\/fichas_tecnicas\/portada\/renova40canal16_av_page-0001.jpg\" alt=\"Ficha t\u00e9cnica RENOVA 40 CANAL 16 \" \/><\/a><\/div>\n<div class=\"columna1\"><a title=\"Fiche technique\" href=\"\/multimedia\/fichas_tecnicas\/ventanas\/practicables\/renova55rptcanal16_av.pdf\" target=\"_blank\" rel=\"noopener\"> <img decoding=\"async\" class=\"imgtech1\" src=\"\/multimedia\/fichas_tecnicas\/portada\/renova55rptcanal16_av_page-0001.jpg\" alt=\"Ficha t\u00e9cnica Renova RENOVA 55 RPT CANAL 16\" \/><\/a><\/div>\n<\/div>\n<div class=\"fila\">\n<div class=\"columna1\"><a title=\"Fiche technique\" href=\"\/multimedia\/fichas_tecnicas\/ventanas\/practicables\/renova70horpt_av.pdf\" target=\"_blank\" rel=\"noopener\"> <img decoding=\"async\" class=\"imgtech1\" src=\"\/multimedia\/fichas_tecnicas\/portada\/renova70horpt_av_page-0001.jpg\" alt=\"Ficha t\u00e9cnica RENOVA 70 HO RPT \" \/><\/a><\/div>\n<div class=\"columna1\"><a title=\"Fiche technique\" href=\"\/multimedia\/fichas_tecnicas\/ventanas\/practicables\/renova70horpt_canal16_av.pdf\" target=\"_blank\" rel=\"noopener\"> <img decoding=\"async\" class=\"imgtech1\" src=\"\/multimedia\/fichas_tecnicas\/portada\/renova70horpt_canal16_av_page-0001.jpg\" alt=\"Ficha t\u00e9cnica RENOVA 70 HO RPT CANAL 16 \" \/><\/a><\/div>\n<div class=\"columna1\"><a title=\"Fiche technique\" href=\"\/multimedia\/fichas_tecnicas\/ventanas\/practicables\/solealfy65oculta_av.pdf\" target=\"_blank\" rel=\"noopener\"> <img decoding=\"async\" class=\"imgtech1\" src=\"\/multimedia\/fichas_tecnicas\/portada\/solealfy65oculta_av_page-0001.jpg\" alt=\"Ficha t\u00e9cnica Renova SOLEALFY 65 OCULTA \" \/><\/a><\/div>\n<\/div>\n<div class=\"fila\">\n<div class=\"columna1\"><a title=\"Fiche technique\" href=\"\/multimedia\/fichas_tecnicas\/ventanas\/practicables\/solealfy65vista_av.pdf\" target=\"_blank\" rel=\"noopener\"> <img decoding=\"async\" class=\"imgtech1\" src=\"\/multimedia\/fichas_tecnicas\/portada\/solealfy65vista_av_page-0001.jpg\" alt=\"Ficha t\u00e9cnica SOLEALFY 65 VISTA\" \/><\/a><\/div>\n<div class=\"columna1\"><a title=\"Fiche technique\" href=\"\/multimedia\/fichas_tecnicas\/ventanas\/practicables\/solealfy75oculta_av.pdf\" target=\"_blank\" rel=\"noopener\"> <img decoding=\"async\" class=\"imgtech1\" src=\"\/multimedia\/fichas_tecnicas\/portada\/solealfy75oculta_av_page-0001.jpg\" alt=\"Ficha t\u00e9cnica SOLEALFY 75 OCULTA \" \/><\/a><\/div>\n<div class=\"columna1\"><a title=\"Fiche technique\" href=\"\/multimedia\/fichas_tecnicas\/ventanas\/practicables\/solealfy75vista_av.pdf\" target=\"_blank\" rel=\"noopener\"> <img decoding=\"async\" class=\"imgtech1\" src=\"\/multimedia\/fichas_tecnicas\/portada\/solealfy75vista_av_page-0001.jpg\" alt=\"Ficha t\u00e9cnica SOLEALFY 75 VISTA \" \/><\/a><\/div>\n<\/div>\n<div class=\"fila\">\n<div class=\"columna1\"><a title=\"Fiche technique\" href=\"\/multimedia\/fichas_tecnicas\/ventanas\/practicables\/alba40_av.pdf\" target=\"_blank\" rel=\"noopener\"> <img decoding=\"async\" class=\"imgtech1\" src=\"\/uploads\/2022\/11\/alba40_av_page-0001-2.jpg\" alt=\"Ficha t\u00e9cnica ALBA 40\" \/><\/a><\/div>\n<div class=\"columna1\"><a title=\"Fiche technique\" href=\"\/multimedia\/fichas_tecnicas\/ventanas\/practicables\/alba65rpt_av.pdf\" target=\"_blank\" rel=\"noopener\"> <img decoding=\"async\" class=\"imgtech1\" src=\"\/uploads\/2022\/11\/alba65rpt_av_page-0001-2.jpg\" alt=\"Ficha t\u00e9cnica ALBA 65 RPT\" \/><\/a><\/div>\n<div class=\"columna1\"><a title=\"Fiche technique\" href=\"\/multimedia\/fichas_tecnicas\/ventanas\/practicables\/alba65rptcanal16_av.pdf\" target=\"_blank\" rel=\"noopener\"> <img decoding=\"async\" class=\"imgtech1\" src=\"\/uploads\/2022\/11\/alba65rptcanal16_av_page-0001-2.jpg\" alt=\"Ficha t\u00e9cnica ALBA 65 RPT CANAL 16\" \/><\/a><\/div>\n<\/div>\n<\/details>\n<\/div>\n<\/div>","protected":false},"featured_media":5167,"comment_status":"open","ping_status":"closed","template":"","meta":{"_acf_changed":false,"om_disable_all_campaigns":false},"product_brand":[],"product_cat":[135],"product_tag":[138,139],"class_list":{"0":"post-2917","1":"product","2":"type-product","3":"status-publish","4":"has-post-thumbnail","6":"product_cat-ventanas-aluminio","7":"product_tag-ventana-practicable","8":"product_tag-ventanas-practicables","10":"first","11":"instock","12":"shipping-taxable","13":"product-type-simple"},"acf":[],"aioseo_notices":[],"_links":{"self":[{"href":"https:\/\/aluminiosvallirana.es\/fr\/wp-json\/wp\/v2\/product\/2917","targetHints":{"allow":["GET"]}}],"collection":[{"href":"https:\/\/aluminiosvallirana.es\/fr\/wp-json\/wp\/v2\/product"}],"about":[{"href":"https:\/\/aluminiosvallirana.es\/fr\/wp-json\/wp\/v2\/types\/product"}],"replies":[{"embeddable":true,"href":"https:\/\/aluminiosvallirana.es\/fr\/wp-json\/wp\/v2\/comments?post=2917"}],"wp:featuredmedia":[{"embeddable":true,"href":"https:\/\/aluminiosvallirana.es\/fr\/wp-json\/wp\/v2\/media\/5167"}],"wp:attachment":[{"href":"https:\/\/aluminiosvallirana.es\/fr\/wp-json\/wp\/v2\/media?parent=2917"}],"wp:term":[{"taxonomy":"product_brand","embeddable":true,"href":"https:\/\/aluminiosvallirana.es\/fr\/wp-json\/wp\/v2\/product_brand?post=2917"},{"taxonomy":"product_cat","embeddable":true,"href":"https:\/\/aluminiosvallirana.es\/fr\/wp-json\/wp\/v2\/product_cat?post=2917"},{"taxonomy":"product_tag","embeddable":true,"href":"https:\/\/aluminiosvallirana.es\/fr\/wp-json\/wp\/v2\/product_tag?post=2917"}],"curies":[{"name":"wp","href":"https:\/\/api.w.org\/{rel}","templated":true}]}}

<p class="descripcion" style="text-align: justify;">
<li>PRACTICABLE ALFIL A45 RPT: Marco de 45 mm y hoja de 52 mm, sistema de cierre por junta central de estanqueidad en EPDM, capacidad de acristalamiento 42 mm, cámara europea estándar para el alojamiento de herrajes, combinable con las series Alba 70 RPTy Alba 80 RPT, amplia gama de perfiles que permiten solucionar la más completa gama de cerramientos.</li>
<li>PRACTICABLE ALFIL A65 RPT: Marco de 65 mm y hoja de 72 mm, sistema de cierre por junta central de estanqueidad en EPDM, capacidad de acristalamiento 50 mm, cámara europea estándar para el alojamiento de herrajes, combinable con las series Alba 70 RPTy Alba 80 RPT, amplia gama de perfiles que permiten solucionar la más completa gama de cerramientos.</li>
<li>PRACTICABLE PUERTA A54 P: Ancho de marco y hoja 54 mm, cámara interna central para alojamiento de bisagras ambidextras de amarre oculto con posibilidad de uso de bisagras externas, capacidad de acristalamiento 44 mm, sistema coplanar por ambas caras, amplia gama de perfiles que permiten solucionar los diversos tipos de aperturas de puerta, opción de bisagras de 2 y 3 palas.</li>

<div>
<div>
<h2>ENCUENTRE AQUÍ VENTANAS DE ALUMINIO PRACTICABLES</h2>
<p style="text-align: justify;">Somos fabricantes de ventanas de aluminio practicables, fabricamos ventanas de aluminio practicables al mejor precio y de calidad. Disponemos de instaladores de ventanas de aluminio practicables para Barcelona y cercanías, así como, les proporcionamos la distribución de ventanas de aluminio practicables.<br />
Aluminios Vallirana, les ofrece dichas ventanas practicables de aluminio para la rehabilitación o restauración de edificios, casas y aparamentos.<br />
Fabricamos todas las grandes series del mercado, pero las que más nos piden nuestros clientes, son las de Aluminios Barcelona, Cortizo, Technal y Centro Alum.</p>
<li>PRACTICABLE ALBA ABISAGRADA: Marco de 40 mm y hoja de 47 mm, sistema de cierre por junta central de estanqueidad en EPDM, capacidad de acristalamiento 37 mm, cámara europea estándar para el alojamiento de herrajes, combinable con las series Alba 60, Alba 70y Alba 80, amplia gama de perfiles que permiten solucionar la más completa gama de cerramientos.</li>
<li>PRACTICABLE ALFIL A45: Marco de 45 mm y hoja de 52 mm, sistema de cierre por junta central de estanqueidad en EPDM, capacidad de acristalamiento 42 mm, cámara europea estándar para el alojamiento de herrajes, combinable con las series Alba 70y Alba 80, amplia gama de perfiles que permiten solucionar la más completa gama de cerramientos.</li>
</div>
<div>
<details>
<summary>FICHES TECHNIQUES</summary>
<div class="fila">
<div class="columna1"><a title="Fiche technique" href="/multimedia/fichas_tecnicas/ventanas/alfila45rpt_av.pdf" target="_blank" rel="noopener"> <img decoding="async" class="imgtech1" src="/multimedia/fichas_tecnicas/portada/alfila45rpt_av_page-0001.jpg" alt="Ficha técnica ALFILA 45 RPT " /></a></div>
<div class="columna1"><a title="Fiche technique" href="/multimedia/fichas_tecnicas/ventanas/practicables/cor70industrial_av.pdf" target="_blank" rel="noopener"> <img decoding="async" class="imgtech1" src="/multimedia/fichas_tecnicas/portada/cor70industrial_av_page-0001.jpg" alt="Ficha técnica COR 70 INDUSTRIAL " /></a></div>
<div class="columna1"><a title="Fiche technique" href="/multimedia/fichas_tecnicas/ventanas/practicables/ho70rpt_av.pdf" target="_blank" rel="noopener"> <img decoding="async" class="imgtech1" src="/multimedia/fichas_tecnicas/portada/ho70rpt_av_page-0001.jpg" alt="Ficha técnica Renova HO 70 RPT " /></a></div>
</div>
<div class="fila">
<div class="columna1"><a title="Fiche technique" href="/multimedia/fichas_tecnicas/ventanas/practicables/ho70rptcanal16_av.pdf" target="_blank" rel="noopener"> <img decoding="async" class="imgtech1" src="/multimedia/fichas_tecnicas/portada/ho70rptcanal16_av_page-0001.jpg" alt="Ficha técnica HO 70 RPT CANAL 16 " /></a></div>
<div class="columna1"><a title="Fiche technique" href="/multimedia/fichas_tecnicas/ventanas/practicables/renova40canal16_av.pdf" target="_blank" rel="noopener"> <img decoding="async" class="imgtech1" src="/multimedia/fichas_tecnicas/portada/renova40canal16_av_page-0001.jpg" alt="Ficha técnica RENOVA 40 CANAL 16 " /></a></div>
<div class="columna1"><a title="Fiche technique" href="/multimedia/fichas_tecnicas/ventanas/practicables/renova55rptcanal16_av.pdf" target="_blank" rel="noopener"> <img decoding="async" class="imgtech1" src="/multimedia/fichas_tecnicas/portada/renova55rptcanal16_av_page-0001.jpg" alt="Ficha técnica Renova RENOVA 55 RPT CANAL 16" /></a></div>
</div>
<div class="fila">
<div class="columna1"><a title="Fiche technique" href="/multimedia/fichas_tecnicas/ventanas/practicables/renova70horpt_av.pdf" target="_blank" rel="noopener"> <img decoding="async" class="imgtech1" src="/multimedia/fichas_tecnicas/portada/renova70horpt_av_page-0001.jpg" alt="Ficha técnica RENOVA 70 HO RPT " /></a></div>
<div class="columna1"><a title="Fiche technique" href="/multimedia/fichas_tecnicas/ventanas/practicables/renova70horpt_canal16_av.pdf" target="_blank" rel="noopener"> <img decoding="async" class="imgtech1" src="/multimedia/fichas_tecnicas/portada/renova70horpt_canal16_av_page-0001.jpg" alt="Ficha técnica RENOVA 70 HO RPT CANAL 16 " /></a></div>
<div class="columna1"><a title="Fiche technique" href="/multimedia/fichas_tecnicas/ventanas/practicables/solealfy65oculta_av.pdf" target="_blank" rel="noopener"> <img decoding="async" class="imgtech1" src="/multimedia/fichas_tecnicas/portada/solealfy65oculta_av_page-0001.jpg" alt="Ficha técnica Renova SOLEALFY 65 OCULTA " /></a></div>
</div>
<div class="fila">
<div class="columna1"><a title="Fiche technique" href="/multimedia/fichas_tecnicas/ventanas/practicables/solealfy65vista_av.pdf" target="_blank" rel="noopener"> <img decoding="async" class="imgtech1" src="/multimedia/fichas_tecnicas/portada/solealfy65vista_av_page-0001.jpg" alt="Ficha técnica SOLEALFY 65 VISTA" /></a></div>
<div class="columna1"><a title="Fiche technique" href="/multimedia/fichas_tecnicas/ventanas/practicables/solealfy75oculta_av.pdf" target="_blank" rel="noopener"> <img decoding="async" class="imgtech1" src="/multimedia/fichas_tecnicas/portada/solealfy75oculta_av_page-0001.jpg" alt="Ficha técnica SOLEALFY 75 OCULTA " /></a></div>
<div class="columna1"><a title="Fiche technique" href="/multimedia/fichas_tecnicas/ventanas/practicables/solealfy75vista_av.pdf" target="_blank" rel="noopener"> <img decoding="async" class="imgtech1" src="/multimedia/fichas_tecnicas/portada/solealfy75vista_av_page-0001.jpg" alt="Ficha técnica SOLEALFY 75 VISTA " /></a></div>
</div>
<div class="fila">
<div class="columna1"><a title="Fiche technique" href="/multimedia/fichas_tecnicas/ventanas/practicables/alba40_av.pdf" target="_blank" rel="noopener"> <img decoding="async" class="imgtech1" src="/uploads/2022/11/alba40_av_page-0001-2.jpg" alt="Ficha técnica ALBA 40" /></a></div>
<div class="columna1"><a title="Fiche technique" href="/multimedia/fichas_tecnicas/ventanas/practicables/alba65rpt_av.pdf" target="_blank" rel="noopener"> <img decoding="async" class="imgtech1" src="/uploads/2022/11/alba65rpt_av_page-0001-2.jpg" alt="Ficha técnica ALBA 65 RPT" /></a></div>
<div class="columna1"><a title="Fiche technique" href="/multimedia/fichas_tecnicas/ventanas/practicables/alba65rptcanal16_av.pdf" target="_blank" rel="noopener"> <img decoding="async" class="imgtech1" src="/uploads/2022/11/alba65rptcanal16_av_page-0001-2.jpg" alt="Ficha técnica ALBA 65 RPT CANAL 16" /></a></div>
</div>
</details>
</div>
</div>
