{"id":2919,"date":"2022-11-14T13:11:41","date_gmt":"2022-11-14T12:11:41","guid":{"rendered":"http:\/\/aluminiosvallirana.es\/?post_type=product&#038;p=2919"},"modified":"2023-01-20T16:36:04","modified_gmt":"2023-01-20T15:36:04","slug":"ventanas-de-aluminio-elevables","status":"publish","type":"product","link":"https:\/\/aluminiosvallirana.es\/fr\/productos\/ventanas-de-aluminio-elevables\/","title":{"rendered":"Fen\u00eatres en aluminium relevables"},"content":{"rendered":"<div>\n<h2 class=\"titulo_tab\">M\u00daLTIPLES ACABAS DE VENTANAS DE ALUMINIO ELEVABLES<\/h2>\n<p style=\"text-align: justify;\">\n<li>CORREDERA renova co elevable 100 RPT<\/li>\n<p>Marco de 100mm, hojas perimetrales, capacidad de acristalamiento 30 mm, combinable con la serie RENOVA PR RPT 55<\/li>\n<li>CORREDERA advand co ELEVABLE 130 RPT<br \/>\nMarco de 132 mm, orientada para balconeras.,capacidad de acristalamiento 40 mm, \u00a0apertura 2 hojas en 2 y 3 carriles.<\/li>\n<p>Las servimos en los siguientes acabados: ventanas elevables de aluminio en lacado blanco, ventanas elevables de aluminio en lacado est\u00e1ndar, ventanas elevables de aluminio en lacado futura, ventanas elevables de aluminio en lacado texturado mate, ventanas elevables de aluminio en lacado especial, ventanas elevables de aluminio en lacado madera, ventanas elevables de aluminio en lacado bicolor (todas las combinaciones posibles), ventanas elevables de aluminio en anodizado bronce, ventanas elevables de aluminio en anodizado plata.<\/p>\n<\/div>","protected":false},"excerpt":{"rendered":"<div>\n<div>\n<h2>ENCUENTRE AQU\u00cd VENTANAS DE ALUMINIO ELEVABLES<\/h2>\n<p style=\"text-align: justify;\">Fabricaci\u00f3n de ventanas de aluminio elevables a precios baratos y asequibles. Pueden ser suministradas o instaladas, con y sin vidrio, por tanto, les ofrecemos las mejores ventanas elevables climalit. Una ventana corredera elevable est\u00e1 dise\u00f1ada de tal forma que en el momento del desplazamiento, la hoja de la ventana-balconera se eleva en su posici\u00f3n evitando fricciones en los rodamientos. El herraje elevable permite un f\u00e1cil deslizamiento de la hoja, incluso en grandes pesos y dimensiones. En posici\u00f3n abierta, la hoja elevada obliga a trabajar al rodamiento y permite una aireaci\u00f3n controlada al no existir contacto de la junta con el marco. Cierres asegurados por 2, 3, o hasta 4 puntos en altura m\u00e1xima con llave interior o interior-exterior. Cierres accionados mediante maneta de cuadrillo simple o doble dimensi\u00f3n especial para facilitar la maniobra de apertura y cierre.<br \/>\nSomos fabricantes e instaladores de ventanas de aluminio elevables, precio asequible.<br \/>\nLos tipos de ventanas elevables que fabricamos son:<\/p>\n<li>CORREDERA ELEVABLE ALBA 120 RPT<br \/>\nSistema para corredera de grandes dimensiones con elevadas prestaciones, marcos de 120mm. y hoja perimetral ajunquillada de 50 mm, capacidad de acristalamiento 38 mm, herraje elevable de hasta 250 kgs. de carga m\u00e1xima por hoja, posibilidad de acabado en bicolor.\n    <\/div>\n<div>\n<details>\n<summary>FICHES TECHNIQUES<\/summary>\n<div class=\"fila\">\n<div class=\"columna1\">\n                          <a title=\"Fiche technique\" href=\"\/multimedia\/fichas_tecnicas\/ventanas\/albapros60_av.pdf\" target=\"_blank\" rel=\"noopener\"> <img decoding=\"async\" class=\"imgtech1\" src=\"\/multimedia\/fichas_tecnicas\/portada\/albapros60_av_page-0001.jpg\" alt=\"Ficha t\u00e9cnica ALBA PROS 60 \" \/><\/a>\n                      <\/div>\n<div class=\"columna1\">\n                          <a title=\"Fiche technique\" href=\"\/multimedia\/fichas_tecnicas\/ventanas\/elevables\/ELEVABLE_ALBA_120_RPT.pdf\" target=\"_blank\" rel=\"noopener\"> <img decoding=\"async\" class=\"imgtech1\" src=\"\/uploads\/2023\/01\/FICHA-TECNICA-ELEVABLE-ALBA-120-RPT-ALUMINIOS-VALLIRANA_page-0001.jpg\" alt=\"Ficha t\u00e9cnica ELEVABLE ALBA 120 RPT \" \/><\/a>\n                      <\/div>\n<\/p><\/div>\n<\/details>\n<\/div>\n<\/div>","protected":false},"featured_media":4887,"comment_status":"open","ping_status":"closed","template":"","meta":{"_acf_changed":false,"om_disable_all_campaigns":false},"product_brand":[],"product_cat":[135],"product_tag":[142,143],"class_list":{"0":"post-2919","1":"product","2":"type-product","3":"status-publish","4":"has-post-thumbnail","6":"product_cat-ventanas-aluminio","7":"product_tag-ventana-elevable","8":"product_tag-ventanas-elevables","10":"first","11":"instock","12":"shipping-taxable","13":"product-type-simple"},"acf":[],"aioseo_notices":[],"_links":{"self":[{"href":"https:\/\/aluminiosvallirana.es\/fr\/wp-json\/wp\/v2\/product\/2919","targetHints":{"allow":["GET"]}}],"collection":[{"href":"https:\/\/aluminiosvallirana.es\/fr\/wp-json\/wp\/v2\/product"}],"about":[{"href":"https:\/\/aluminiosvallirana.es\/fr\/wp-json\/wp\/v2\/types\/product"}],"replies":[{"embeddable":true,"href":"https:\/\/aluminiosvallirana.es\/fr\/wp-json\/wp\/v2\/comments?post=2919"}],"wp:featuredmedia":[{"embeddable":true,"href":"https:\/\/aluminiosvallirana.es\/fr\/wp-json\/wp\/v2\/media\/4887"}],"wp:attachment":[{"href":"https:\/\/aluminiosvallirana.es\/fr\/wp-json\/wp\/v2\/media?parent=2919"}],"wp:term":[{"taxonomy":"product_brand","embeddable":true,"href":"https:\/\/aluminiosvallirana.es\/fr\/wp-json\/wp\/v2\/product_brand?post=2919"},{"taxonomy":"product_cat","embeddable":true,"href":"https:\/\/aluminiosvallirana.es\/fr\/wp-json\/wp\/v2\/product_cat?post=2919"},{"taxonomy":"product_tag","embeddable":true,"href":"https:\/\/aluminiosvallirana.es\/fr\/wp-json\/wp\/v2\/product_tag?post=2919"}],"curies":[{"name":"wp","href":"https:\/\/api.w.org\/{rel}","templated":true}]}}

Fenêtres en aluminium relevables

<div>
<h2 class="titulo_tab">MÚLTIPLES ACABAS DE VENTANAS DE ALUMINIO ELEVABLES</h2>
<p style="text-align: justify;">
<li>CORREDERA renova co elevable 100 RPT</li>
<p>Marco de 100mm, hojas perimetrales, capacidad de acristalamiento 30 mm, combinable con la serie RENOVA PR RPT 55</li>
<li>CORREDERA advand co ELEVABLE 130 RPT<br />
Marco de 132 mm, orientada para balconeras.,capacidad de acristalamiento 40 mm,  apertura 2 hojas en 2 y 3 carriles.</li>
<p>Las servimos en los siguientes acabados: ventanas elevables de aluminio en lacado blanco, ventanas elevables de aluminio en lacado estándar, ventanas elevables de aluminio en lacado futura, ventanas elevables de aluminio en lacado texturado mate, ventanas elevables de aluminio en lacado especial, ventanas elevables de aluminio en lacado madera, ventanas elevables de aluminio en lacado bicolor (todas las combinaciones posibles), ventanas elevables de aluminio en anodizado bronce, ventanas elevables de aluminio en anodizado plata.</p>
</div>

<div>
<div>
<h2>ENCUENTRE AQUÍ VENTANAS DE ALUMINIO ELEVABLES</h2>
<p style="text-align: justify;">Fabricación de ventanas de aluminio elevables a precios baratos y asequibles. Pueden ser suministradas o instaladas, con y sin vidrio, por tanto, les ofrecemos las mejores ventanas elevables climalit. Una ventana corredera elevable está diseñada de tal forma que en el momento del desplazamiento, la hoja de la ventana-balconera se eleva en su posición evitando fricciones en los rodamientos. El herraje elevable permite un fácil deslizamiento de la hoja, incluso en grandes pesos y dimensiones. En posición abierta, la hoja elevada obliga a trabajar al rodamiento y permite una aireación controlada al no existir contacto de la junta con el marco. Cierres asegurados por 2, 3, o hasta 4 puntos en altura máxima con llave interior o interior-exterior. Cierres accionados mediante maneta de cuadrillo simple o doble dimensión especial para facilitar la maniobra de apertura y cierre.<br />
Somos fabricantes e instaladores de ventanas de aluminio elevables, precio asequible.<br />
Los tipos de ventanas elevables que fabricamos son:</p>
<li>CORREDERA ELEVABLE ALBA 120 RPT<br />
Sistema para corredera de grandes dimensiones con elevadas prestaciones, marcos de 120mm. y hoja perimetral ajunquillada de 50 mm, capacidad de acristalamiento 38 mm, herraje elevable de hasta 250 kgs. de carga máxima por hoja, posibilidad de acabado en bicolor.
    </div>
<div>
<details>
<summary>FICHES TECHNIQUES</summary>
<div class="fila">
<div class="columna1">
                          <a title="Fiche technique" href="/multimedia/fichas_tecnicas/ventanas/albapros60_av.pdf" target="_blank" rel="noopener"> <img decoding="async" class="imgtech1" src="/multimedia/fichas_tecnicas/portada/albapros60_av_page-0001.jpg" alt="Ficha técnica ALBA PROS 60 " /></a>
                      </div>
<div class="columna1">
                          <a title="Fiche technique" href="/multimedia/fichas_tecnicas/ventanas/elevables/ELEVABLE_ALBA_120_RPT.pdf" target="_blank" rel="noopener"> <img decoding="async" class="imgtech1" src="/uploads/2023/01/FICHA-TECNICA-ELEVABLE-ALBA-120-RPT-ALUMINIOS-VALLIRANA_page-0001.jpg" alt="Ficha técnica ELEVABLE ALBA 120 RPT " /></a>
                      </div>
</p></div>
</details>
</div>
</div>
