{"id":2921,"date":"2022-11-14T13:11:41","date_gmt":"2022-11-14T12:11:41","guid":{"rendered":"http:\/\/aluminiosvallirana.es\/?post_type=product&#038;p=2921"},"modified":"2023-01-18T16:10:57","modified_gmt":"2023-01-18T15:10:57","slug":"ventanas-de-aluminio-oscilo-paralelas","status":"publish","type":"product","link":"https:\/\/aluminiosvallirana.es\/fr\/productos\/ventanas-de-aluminio-oscilo-paralelas\/","title":{"rendered":"Fen\u00eatres en aluminium \u00e0 inclinaison parall\u00e8le"},"content":{"rendered":"<p class=\"descripcion\" style=\"text-align: justify;\">Normalmente, este tipo de ventanas, siempre se realizan con perfilar\u00edas de carpinter\u00eda de secciones grandes y de rotura puente t\u00e9rmico. Por tanto fabricamos ventanas osciloparalelas de aluminio climalit y ventanas osciloparalelas de aluminio en rotura puente t\u00e9rmico. Las fabricamos en todos los acabados posibles del mercado: ventanas osciloparalelas de aluminio lacado blanco, ventanas osciloparalelas de aluminio lacado futura, ventanas osciloparalelas de aluminio lacado texturado mate, ventanas osciloparalelas de aluminio lacado especial, ventanas osciloparalelas de aluminio lacado est\u00e1ndar, ventanas osciloparalelas de aluminio lacado madera, ventanas osciloparalelas de aluminio lacado bicolor (con todas las combinaciones posibles), ventanas osciloparalelas de aluminio anodizado bronce, ventanas osciloparalelas de aluminio anodizado plata.<\/p>","protected":false},"excerpt":{"rendered":"<div>\n<div>\n<h2>ENCUENTRE AQU\u00cd VENTANAS DE ALUMINIO OSCILO-PARALELAS.<\/h2>\n<p style=\"text-align: justify;\">Somos fabricantes de ventanas osciloparalelas de aluminio en Barcelona y distribuimos ventanas osciloparalelas de aluminio. en caso de que nos lo requieran nuestros clientes, les ofrecemos la instalaci\u00f3n de nuestras ventanas osciloparalelas de aluminio.Ventana o balconera cuya hoja se desplaza de su posici\u00f3n vertical hacia el interior y luego se traslada lateralmente por delante del marco en paralelo. Somos fabricantes y distribuidores de ventanas oscilo-paralelas de aluminio en Barcelona. Diferencias y ventajas entre ventanas practicables, ventanas correderas y ventanas osciloparalelas de aluminio.  Las ventanas practicables invaden el espacio interior, pero proporcionan, mejor aislamiento que las ventanas correderas, ya que, al cerrar la hoja sobre el marco, ejerce una presi\u00f3n entre las gomas perimetrales (de marco y hojas) y goma central de muro, permitiendo mucha m\u00e1s estanqueidad. Sin embargo, las ventanas correderas, no invaden el espacio interior, sino que las hojas corren por el interior del marco, y el \u00fanico cierre son juntas de felpas o burletes que rozan impidiendo la entrada de aire. Por tanto, las ventanas osciloparalelas de aluminio, son un tipo de ventana que no invade el espacio interior y que desliza sobre un, o unos fijos laterales, ofreciendo un cierre de juntas perimetrales y junta muro central, por presi\u00f3n. Esto hace que las ventanas osciloparalelas de aluminio sean muy aislantes.<\/p>\n<\/p><\/div>\n<div>\n<details>\n<summary>FICHES TECHNIQUES<\/summary>\n<div class=\"fila\">\n<div class=\"columna1\">\n                          <a title=\"Fiche technique\" href=\"\/multimedia\/fichas_tecnicas\/ventanas\/albapros60_av.pdf\" target=\"_blank\" rel=\"noopener\"> <img decoding=\"async\" class=\"imgtech1\" src=\"\/multimedia\/fichas_tecnicas\/portada\/albapros60_av_page-0001.jpg\" alt=\"Ficha t\u00e9cnica ALBA PROS 60 \" \/><\/a>\n                      <\/div>\n<div class=\"columna1\">\n                          <a title=\"Fiche technique\" href=\"\/multimedia\/fichas_tecnicas\/ventanas\/albapros70_.av.pdf\" target=\"_blank\" rel=\"noopener\"> <img decoding=\"async\" class=\"imgtech1\" src=\"\/multimedia\/fichas_tecnicas\/portada\/albapros70_.av_page-0001.jpg\" alt=\"Ficha t\u00e9cnica ALBA PROS 70 \" \/><\/a>\n                      <\/div>\n<div class=\"columna1\">\n                          <a title=\"Fiche technique\" href=\"\/multimedia\/fichas_tecnicas\/ventanas\/albapros70rpt_av.pdf\" target=\"_blank\" rel=\"noopener\"> <img decoding=\"async\" class=\"imgtech1\" src=\"\/multimedia\/fichas_tecnicas\/portada\/albapros70rpt_av_page-0001.jpg\" alt=\"Ficha t\u00e9cnica ALBA PROS 70 RPT \" \/><\/a>\n                      <\/div>\n<\/p><\/div>\n<div class=\"fila\">\n<div class=\"columna1\">\n                          <a title=\"Fiche technique\" href=\"\/multimedia\/fichas_tecnicas\/ventanas\/alfila45rpt_av.pdf\" target=\"_blank\" rel=\"noopener\"> <img decoding=\"async\" class=\"imgtech1\" src=\"\/multimedia\/fichas_tecnicas\/portada\/alfila45rpt_av_page-0001.jpg\" alt=\"Ficha t\u00e9cnica ALFIL A45 RPT  \" \/><\/a>\n                      <\/div>\n<div class=\"columna1\">\n                          <a title=\"Fiche technique\" href=\"\/multimedia\/fichas_tecnicas\/ventanas\/practicables\/alba65rpt_av.pdf\" target=\"_blank\" rel=\"noopener\"> <img decoding=\"async\" class=\"imgtech1\" src=\"\/uploads\/2022\/11\/alba65rpt_av_page-0001-2.jpg\" alt=\"Ficha t\u00e9cnica ALBA 65 RPT  \" \/><\/a>\n                      <\/div>\n<div class=\"columna1\">\n                          <a title=\"Fiche technique\" href=\"\/multimedia\/fichas_tecnicas\/ventanas\/practicables\/alba40_av.pdf\" target=\"_blank\" rel=\"noopener\"> <img decoding=\"async\" class=\"imgtech1\" src=\"\/uploads\/2022\/11\/alba40_av_page-0001-2.jpg\" alt=\"Ficha t\u00e9cnica ALBA 40\" \/><\/a>\n                      <\/div>\n<\/p><\/div>\n<\/details>\n<\/div>\n<\/div>","protected":false},"featured_media":4979,"comment_status":"open","ping_status":"closed","template":"","meta":{"_acf_changed":false,"om_disable_all_campaigns":false},"product_brand":[],"product_cat":[135],"product_tag":[146,147],"class_list":{"0":"post-2921","1":"product","2":"type-product","3":"status-publish","4":"has-post-thumbnail","6":"product_cat-ventanas-aluminio","7":"product_tag-ventana-oscilo-paralela","8":"product_tag-ventanas-oscilo-paralelas","10":"first","11":"instock","12":"shipping-taxable","13":"product-type-simple"},"acf":[],"aioseo_notices":[],"_links":{"self":[{"href":"https:\/\/aluminiosvallirana.es\/fr\/wp-json\/wp\/v2\/product\/2921","targetHints":{"allow":["GET"]}}],"collection":[{"href":"https:\/\/aluminiosvallirana.es\/fr\/wp-json\/wp\/v2\/product"}],"about":[{"href":"https:\/\/aluminiosvallirana.es\/fr\/wp-json\/wp\/v2\/types\/product"}],"replies":[{"embeddable":true,"href":"https:\/\/aluminiosvallirana.es\/fr\/wp-json\/wp\/v2\/comments?post=2921"}],"wp:featuredmedia":[{"embeddable":true,"href":"https:\/\/aluminiosvallirana.es\/fr\/wp-json\/wp\/v2\/media\/4979"}],"wp:attachment":[{"href":"https:\/\/aluminiosvallirana.es\/fr\/wp-json\/wp\/v2\/media?parent=2921"}],"wp:term":[{"taxonomy":"product_brand","embeddable":true,"href":"https:\/\/aluminiosvallirana.es\/fr\/wp-json\/wp\/v2\/product_brand?post=2921"},{"taxonomy":"product_cat","embeddable":true,"href":"https:\/\/aluminiosvallirana.es\/fr\/wp-json\/wp\/v2\/product_cat?post=2921"},{"taxonomy":"product_tag","embeddable":true,"href":"https:\/\/aluminiosvallirana.es\/fr\/wp-json\/wp\/v2\/product_tag?post=2921"}],"curies":[{"name":"wp","href":"https:\/\/api.w.org\/{rel}","templated":true}]}}

Fenêtres en aluminium à inclinaison parallèle

<p class="descripcion" style="text-align: justify;">Normalmente, este tipo de ventanas, siempre se realizan con perfilarías de carpintería de secciones grandes y de rotura puente térmico. Por tanto fabricamos ventanas osciloparalelas de aluminio climalit y ventanas osciloparalelas de aluminio en rotura puente térmico. Las fabricamos en todos los acabados posibles del mercado: ventanas osciloparalelas de aluminio lacado blanco, ventanas osciloparalelas de aluminio lacado futura, ventanas osciloparalelas de aluminio lacado texturado mate, ventanas osciloparalelas de aluminio lacado especial, ventanas osciloparalelas de aluminio lacado estándar, ventanas osciloparalelas de aluminio lacado madera, ventanas osciloparalelas de aluminio lacado bicolor (con todas las combinaciones posibles), ventanas osciloparalelas de aluminio anodizado bronce, ventanas osciloparalelas de aluminio anodizado plata.</p>

<div>
<div>
<h2>ENCUENTRE AQUÍ VENTANAS DE ALUMINIO OSCILO-PARALELAS.</h2>
<p style="text-align: justify;">Somos fabricantes de ventanas osciloparalelas de aluminio en Barcelona y distribuimos ventanas osciloparalelas de aluminio. en caso de que nos lo requieran nuestros clientes, les ofrecemos la instalación de nuestras ventanas osciloparalelas de aluminio.Ventana o balconera cuya hoja se desplaza de su posición vertical hacia el interior y luego se traslada lateralmente por delante del marco en paralelo. Somos fabricantes y distribuidores de ventanas oscilo-paralelas de aluminio en Barcelona. Diferencias y ventajas entre ventanas practicables, ventanas correderas y ventanas osciloparalelas de aluminio.  Las ventanas practicables invaden el espacio interior, pero proporcionan, mejor aislamiento que las ventanas correderas, ya que, al cerrar la hoja sobre el marco, ejerce una presión entre las gomas perimetrales (de marco y hojas) y goma central de muro, permitiendo mucha más estanqueidad. Sin embargo, las ventanas correderas, no invaden el espacio interior, sino que las hojas corren por el interior del marco, y el único cierre son juntas de felpas o burletes que rozan impidiendo la entrada de aire. Por tanto, las ventanas osciloparalelas de aluminio, son un tipo de ventana que no invade el espacio interior y que desliza sobre un, o unos fijos laterales, ofreciendo un cierre de juntas perimetrales y junta muro central, por presión. Esto hace que las ventanas osciloparalelas de aluminio sean muy aislantes.</p>
</p></div>
<div>
<details>
<summary>FICHES TECHNIQUES</summary>
<div class="fila">
<div class="columna1">
                          <a title="Fiche technique" href="/multimedia/fichas_tecnicas/ventanas/albapros60_av.pdf" target="_blank" rel="noopener"> <img decoding="async" class="imgtech1" src="/multimedia/fichas_tecnicas/portada/albapros60_av_page-0001.jpg" alt="Ficha técnica ALBA PROS 60 " /></a>
                      </div>
<div class="columna1">
                          <a title="Fiche technique" href="/multimedia/fichas_tecnicas/ventanas/albapros70_.av.pdf" target="_blank" rel="noopener"> <img decoding="async" class="imgtech1" src="/multimedia/fichas_tecnicas/portada/albapros70_.av_page-0001.jpg" alt="Ficha técnica ALBA PROS 70 " /></a>
                      </div>
<div class="columna1">
                          <a title="Fiche technique" href="/multimedia/fichas_tecnicas/ventanas/albapros70rpt_av.pdf" target="_blank" rel="noopener"> <img decoding="async" class="imgtech1" src="/multimedia/fichas_tecnicas/portada/albapros70rpt_av_page-0001.jpg" alt="Ficha técnica ALBA PROS 70 RPT " /></a>
                      </div>
</p></div>
<div class="fila">
<div class="columna1">
                          <a title="Fiche technique" href="/multimedia/fichas_tecnicas/ventanas/alfila45rpt_av.pdf" target="_blank" rel="noopener"> <img decoding="async" class="imgtech1" src="/multimedia/fichas_tecnicas/portada/alfila45rpt_av_page-0001.jpg" alt="Ficha técnica ALFIL A45 RPT  " /></a>
                      </div>
<div class="columna1">
                          <a title="Fiche technique" href="/multimedia/fichas_tecnicas/ventanas/practicables/alba65rpt_av.pdf" target="_blank" rel="noopener"> <img decoding="async" class="imgtech1" src="/uploads/2022/11/alba65rpt_av_page-0001-2.jpg" alt="Ficha técnica ALBA 65 RPT  " /></a>
                      </div>
<div class="columna1">
                          <a title="Fiche technique" href="/multimedia/fichas_tecnicas/ventanas/practicables/alba40_av.pdf" target="_blank" rel="noopener"> <img decoding="async" class="imgtech1" src="/uploads/2022/11/alba40_av_page-0001-2.jpg" alt="Ficha técnica ALBA 40" /></a>
                      </div>
</p></div>
</details>
</div>
</div>
