{"id":5273,"date":"2023-04-14T10:10:28","date_gmt":"2023-04-14T08:10:28","guid":{"rendered":"https:\/\/aluminiosvallirana.es\/?post_type=product&#038;p=5273"},"modified":"2023-04-17T07:42:28","modified_gmt":"2023-04-17T05:42:28","slug":"fabricante_curvado_lateral_pvc","status":"publish","type":"product","link":"https:\/\/aluminiosvallirana.es\/fr\/productos\/fabricante_curvado_lateral_pvc\/","title":{"rendered":"Curvado Lateral en PVC"},"content":{"rendered":"<p>Realizamos todo tipo de curvados laterales en PVC. Curvas laterales fijas, ventanas practicables con curva lateral de 1, 2, 3, o 4 hojas, (incluso combinando con fijos), puertas con curva lateral, puertas con curva lateral de apertura exterior, puertas reforzadas con curva lateral, ventanas correderas con curva lateral, ventanas correderas de 1, 2, 3, y 4 hojas con curva lateral, ventanas correderas en PVC con curva lateral. Ventanas circulares fijas con curva lateral, vallas con curva lateral, cancelas para muros con curva lateral. El curvado lateral, se puede combinar a su vez con curvas en planimetr\u00eda horizontal y vertical. Somos l\u00edderes en el curvado lateral de PVC. Trabajos de gran calidad y de gran prestigio. Podemos ofrecer los perfiles curvados lateralmente sueltos, ensamblados o incluso, podemos instalar las ventanas con curva lateral y productos comentados anteriormente.<\/p>","protected":false},"excerpt":{"rendered":"<div>\n<div>\n<h2>TROUVER ICI PLIAGE LAT\u00c9RALE EN ALUMINIUM<\/h2>\n<p style=\"text-align: justify;\">Somos l\u00edderes indiscutibles en el curvado lateral de PVC. Los curvados son, nuestros productos m\u00e1s especiales y con el que Aluminios Vallirana, se siente identificado. Pues el curvado lateral de PVC adem\u00e1s de requerir unas t\u00e9cnicas de curvado muy avanzadas, y complicadas, requiere de personas especializadas para el posterior ensamblado de las mismas, para conseguir trabajos de ventanas curvadas de gran calidad y de gran prestigio. El curvado lateral se curva en diferente planimetr\u00eda que con las curvas convencionales. Gracias a este sistema de curvado, hemos conseguido realizar trabajos de prestigio, para fachadas de edificios emblem\u00e1ticos y de gran envergadura, Adem\u00e1s, nuestras ventanas curvas laterales de PVC est\u00e1n dise\u00f1adas para ser altamente eficientes en t\u00e9rminos de energ\u00eda, lo que le permite ahorrar en costos de energ\u00eda y reducir su huella de carbono.<br \/>\nRealizamos curvas laterales en marcos, hojas junquillos, forros, adem\u00e1s de cualquier otro perfil de PVC para otros sectores. <\/p>\n<\/div>\n<div>\n<details>\n<summary>FICHES TECHNIQUES<\/summary>\n<div class=\"fila\">\n<div class=\"columna1\"><a title=\"Fiche technique\" href=\"\/multimedia\/fichas_tecnicas\/curvado_pvc\/ficha_tecnica_a70_abisagrada.pdf\" target=\"_blank\" rel=\"noopener\"> <img decoding=\"async\" class=\"imgtech1\" src=\"\/wp-content\/uploads\/2023\/04\/ficha_tecnica_a70_abisagrada.jpg\" alt=\"Ficha t\u00e9cnica A70 Abisagrada\" \/><\/a><\/div>\n<div class=\"columna1\"><a title=\"Fiche technique\" href=\"\/multimedia\/fichas_tecnicas\/curvado_pvc\/ficha_tecnica_euro_design_70.pdf\" target=\"_blank\" rel=\"noopener\"> <img decoding=\"async\" class=\"imgtech1\" src=\"\/wp-content\/uploads\/2023\/04\/ficha_tecnica_euro_design_70.jpg\" alt=\"Ficha t\u00e9cnica Euro-Design 70\" \/><\/a><\/div>\n<\/div>\n<\/details>\n<\/div>\n<\/div>","protected":false},"featured_media":5282,"comment_status":"closed","ping_status":"closed","template":"","meta":{"_acf_changed":false,"om_disable_all_campaigns":false},"product_brand":[],"product_cat":[244],"product_tag":[],"class_list":{"0":"post-5273","1":"product","2":"type-product","3":"status-publish","4":"has-post-thumbnail","6":"product_cat-curvado_pvc","8":"first","9":"instock","10":"shipping-taxable","11":"product-type-simple"},"acf":[],"aioseo_notices":[],"_links":{"self":[{"href":"https:\/\/aluminiosvallirana.es\/fr\/wp-json\/wp\/v2\/product\/5273","targetHints":{"allow":["GET"]}}],"collection":[{"href":"https:\/\/aluminiosvallirana.es\/fr\/wp-json\/wp\/v2\/product"}],"about":[{"href":"https:\/\/aluminiosvallirana.es\/fr\/wp-json\/wp\/v2\/types\/product"}],"replies":[{"embeddable":true,"href":"https:\/\/aluminiosvallirana.es\/fr\/wp-json\/wp\/v2\/comments?post=5273"}],"wp:featuredmedia":[{"embeddable":true,"href":"https:\/\/aluminiosvallirana.es\/fr\/wp-json\/wp\/v2\/media\/5282"}],"wp:attachment":[{"href":"https:\/\/aluminiosvallirana.es\/fr\/wp-json\/wp\/v2\/media?parent=5273"}],"wp:term":[{"taxonomy":"product_brand","embeddable":true,"href":"https:\/\/aluminiosvallirana.es\/fr\/wp-json\/wp\/v2\/product_brand?post=5273"},{"taxonomy":"product_cat","embeddable":true,"href":"https:\/\/aluminiosvallirana.es\/fr\/wp-json\/wp\/v2\/product_cat?post=5273"},{"taxonomy":"product_tag","embeddable":true,"href":"https:\/\/aluminiosvallirana.es\/fr\/wp-json\/wp\/v2\/product_tag?post=5273"}],"curies":[{"name":"wp","href":"https:\/\/api.w.org\/{rel}","templated":true}]}}

<p>Realizamos todo tipo de curvados laterales en PVC. Curvas laterales fijas, ventanas practicables con curva lateral de 1, 2, 3, o 4 hojas, (incluso combinando con fijos), puertas con curva lateral, puertas con curva lateral de apertura exterior, puertas reforzadas con curva lateral, ventanas correderas con curva lateral, ventanas correderas de 1, 2, 3, y 4 hojas con curva lateral, ventanas correderas en PVC con curva lateral. Ventanas circulares fijas con curva lateral, vallas con curva lateral, cancelas para muros con curva lateral. El curvado lateral, se puede combinar a su vez con curvas en planimetría horizontal y vertical. Somos líderes en el curvado lateral de PVC. Trabajos de gran calidad y de gran prestigio. Podemos ofrecer los perfiles curvados lateralmente sueltos, ensamblados o incluso, podemos instalar las ventanas con curva lateral y productos comentados anteriormente.</p>

<div>
<div>
<h2>TROUVER ICI PLIAGE LATÉRALE EN ALUMINIUM</h2>
<p style="text-align: justify;">Somos líderes indiscutibles en el curvado lateral de PVC. Los curvados son, nuestros productos más especiales y con el que Aluminios Vallirana, se siente identificado. Pues el curvado lateral de PVC además de requerir unas técnicas de curvado muy avanzadas, y complicadas, requiere de personas especializadas para el posterior ensamblado de las mismas, para conseguir trabajos de ventanas curvadas de gran calidad y de gran prestigio. El curvado lateral se curva en diferente planimetría que con las curvas convencionales. Gracias a este sistema de curvado, hemos conseguido realizar trabajos de prestigio, para fachadas de edificios emblemáticos y de gran envergadura, Además, nuestras ventanas curvas laterales de PVC están diseñadas para ser altamente eficientes en términos de energía, lo que le permite ahorrar en costos de energía y reducir su huella de carbono.<br />
Realizamos curvas laterales en marcos, hojas junquillos, forros, además de cualquier otro perfil de PVC para otros sectores. </p>
</div>
<div>
<details>
<summary>FICHES TECHNIQUES</summary>
<div class="fila">
<div class="columna1"><a title="Fiche technique" href="/multimedia/fichas_tecnicas/curvado_pvc/ficha_tecnica_a70_abisagrada.pdf" target="_blank" rel="noopener"> <img decoding="async" class="imgtech1" src="/wp-content/uploads/2023/04/ficha_tecnica_a70_abisagrada.jpg" alt="Ficha técnica A70 Abisagrada" /></a></div>
<div class="columna1"><a title="Fiche technique" href="/multimedia/fichas_tecnicas/curvado_pvc/ficha_tecnica_euro_design_70.pdf" target="_blank" rel="noopener"> <img decoding="async" class="imgtech1" src="/wp-content/uploads/2023/04/ficha_tecnica_euro_design_70.jpg" alt="Ficha técnica Euro-Design 70" /></a></div>
</div>
</details>
</div>
</div>
